1468367 is divided by 2813.
2794
Calculate the remainder when 57077 is divided by 12917.
5409
Calculate the remainder when 152046 is divided by 30.
6
What is the remainder when 21561755 is divided by 97?
13
What is the remainder when 43504559 is divided by 990?
989
What is the remainder when 49826145 is divided by 14434?
14411
Calculate the remainder when 327200 is divided by 71.
32
Calculate the remainder when 8078939 is divided by 162.
161
Calculate the remainder when 5792405 is divided by 1050.
605
What is the remainder when 43506437 is divided by 294?
23
Calculate the remainder when 879889 is divided by 7153.
70
Calculate the remainder when 5886826 is divided by 204.
202
What is the remainder when 5767947 is divided by 7?
3
What is the remainder when 2349416 is divided by 29367?
56
What is the remainder when 1539006 is divided by 384732?
78
What is the remainder when 48296486 is divided by 4117?
4076
What is the remainder when 1087361 is divided by 51779?
2
Calculate the remainder when 5697 is divided by 162.
27
Calculate the remainder when 61342 is divided by 543.
526
What is the remainder when 356282 is divided by 50823?
521
Calculate the remainder when 1684555 is divided by 36616.
219
What is the remainder when 67282894 is divided by 1725202?
16
Calculate the remainder when 100892410 is divided by 1912.
1906
Calculate the remainder when 114423647 is divided by 38141211.
14
Calculate the remainder when 1340249 is divided by 637.
1
Calculate the remainder when 46719 is divided by 1914.
783
What is the remainder when 726352 is divided by 399?
172
Calculate the remainder when 8561 is divided by 4224.
113
Calculate the remainder when 685424 is divided by 28.
12
What is the remainder when 7368 is divided by 1691?
604
What is the remainder when 5973019 is divided by 169?
52
What is the remainder when 117148518 is divided by 64?
38
Calculate the remainder when 105409 is divided by 7517.
171
What is the remainder when 2862600 is divided by 4566?
4284
Calculate the remainder when 1315205 is divided by 20545.
325
What is the remainder when 5753703 is divided by 39140?
123
What is the remainder when 5357756 is divided by 6582?
8
Calculate the remainder when 38311 is divided by 372.
367
Calculate the remainder when 4353598 is divided by 103.
97
What is the remainder when 8629818 is divided by 1304?
1250
What is the remainder when 28775236 is divided by 419?
411
What is the remainder when 490623 is divided by 490601?
22
Calculate the remainder when 420222 is divided by 419859.
363
What is the remainder when 16853 is divided by 1146?
809
What is the remainder when 9399 is divided by 9287?
112
What is the remainder when 694495151 is divided by 2578?
2575
Calculate the remainder when 1581453 is divided by 10268.
181
What is the remainder when 2660469 is divided by 11?
9
What is the remainder when 586911 is divided by 182?
143
Calculate the remainder when 786128 is divided by 196384.
592
What is the remainder when 62710 is divided by 198?
142
Calculate the remainder when 346956 is divided by 2155.
1
Calculate the remainder when 162684 is divided by 32535.
9
What is the remainder when 9697466 is divided by 248?
170
What is the remainder when 152606 is divided by 668?
302
What is the remainder when 235999 is divided by 110?
49
Calculate the remainder when 2235913 is divided by 579.
394
What is the remainder when 6403040 is divided by 517?
512
What is the remainder when 12758747 is divided by 386628?
23
Calculate the remainder when 28843 is divided by 14418.
7
Calculate the remainder when 13706667 is divided by 978.
975
Calculate the remainder when 51637551 is divided by 33.
9
What is the remainder when 380498 is divided by 380498?
0
What is the remainder when 1930746 is divided by 321786?
30
Calculate the remainder when 32172345 is divided by 202.
7
What is the remainder when 22319771 is divided by 1725?
1721
Calculate the remainder when 104987 is divided by 1102.
297
Calculate the remainder when 166134 is divided by 4516.
3558
Calculate the remainder when 9678248 is divided by 747.
116
Calculate the remainder when 8312997 is divided by 163.
160
What is the remainder when 44388449 is divided by 11771?
8
Calculate the remainder when 8638788 is divided by 16.
4
What is the remainder when 8668040 is divided by 199?
197
What is the remainder when 315254 is divided by 315116?
138
Calculate the remainder when 2420481 is divided by 363.
360
What is the remainder when 28797 is divided by 7109?
361
Calculate the remainder when 1821476 is divided by 2636.
0
What is the remainder when 3442297 is divided by 45?
22
Calculate the remainder when 4237590 is divided by 862.
860
Calculate the remainder when 51183461 is divided by 133.
7
Calculate the remainder when 184818 is divided by 2253.
72
What is the remainder when 20162725 is divided by 35?
30
What is the remainder when 88460 is divided by 5874?
350
What is the remainder when 62799653 is divided by 37?
34
What is the remainder when 314272 is divided by 52378?
4
What is the remainder when 87255 is divided by 2590?
1785
Calculate the remainder when 265786369 is divided by 2999.
2993
What is the remainder when 149494 is divided by 29889?
49
Calculate the remainder when 3472398 is divided by 437.
433
Calculate the remainder when 165776 is divided by 23678.
30
Calculate the remainder when 296092 is divided by 3091.
2447
Calculate the remainder when 15199 is divided by 487.
102
Calculate the remainder when 48836 is divided by 765.
641
Calculate the remainder when 9550 is divided by 1272.
646
What is the remainder when 307213 is divided by 3054?
1813
What is the remainder when 247738 is divided by 7039?
1373
What is the remainder when 22360249 is divided by 201443?
76
Calculate the remainder when 2814 is divided by 2791.
23
Calculate the remainder when 23389948 is divided by 287.
22
Calculate the remainder when 18277 is divided by 12948.
5329
What is the remainder when 33042 is divided by 30405?
2637
What is the remainder when 1306112 is divided by 43?
30
Calculate the remainder when 52189 is divided by 549.
34
Calculate the remainder when 448743 is divided by 112183.
11
Calculate the remainder when 82363 is divided by 499.
28
What is the remainder when 18913687 is divided by 7701?
31
Calculate the remainder when 436825 is divided by 27299.
41
What is the remainder when 26225514 is divided by 8741838?
0
What is the remainder when 72098 is divided by 2484?
62
What is the remainder when 22769 is divided by 7563?
80
What is the remainder when 10356559 is divided by 3008?
15
Calculate the remainder when 618009 is divided by 375.
9
Calculate the remainder when 3339682 is divided by 17.
15
What is the remainder when 30858058 is divided by 102?
100
What is the remainder when 894422 is divided by 1967?
1404
Calculate the remainder when 18364 is divided by 8113.
2138
What is the remainder when 120161 is divided by 57?
5
What is the remainder when 868889 is divided by 2956?
2781
Calculate the remainder when 17022457 is divided by 390.
127
Calculate the remainder when 38681069 is divided by 83.
81
What is the remainder when 6814732 is divided by 6814673?
59
Calculate the remainder when 1011666 is divided by 1297.
6
Calculate the remainder when 1947629 is divided by 57.
53
What is the remainder when 82563164 is divided by 13760527?
2
What is the remainder when 3320983 is divided by 33?
28
What is the remainder when 16274 is divided by 15346?
928
Calculate the remainder when 52659 is divided by 788.
651
What is the remainder when 74080 is divided by 73722?
358
What is the remainder when 1552091690 is divided by 31?
27
Calculate the remainder when 3437535 is divided by 381882.
597
Calculate the remainder when 239566 is divided by 3922.
324
What is the remainder when 30521 is divided by 7627?
13
Calculate the remainder when 363872 is divided by 2620.
2312
Calculate the remainder when 5529649 is divided by 97011.
22
What is the remainder when 10153 is divided by 9127?
1026
What is the remainder when 5057109 is divided by 12012?
57
What is the remainder when 32397910 is divided by 72?
70
What is the remainder when 1300764451 is divided by 1187?
1184
What is the remainder when 41903314 is divided by 41903296?
18
Calculate the remainder 